**5/20 + o**4/4 - o**3/6 - 3*o**2/2 - 2*o. Calculate j(f).
-6
Let a(d) = 2*d - 1. Let k(g) be the first derivative of -g**3/6 - g - 2. Let u(n) be the first derivative of k(n). Let r(t) = -a(t) - 3*u(t). Calculate r(3).
4
Suppose -523*j = -520*j - 12. Let y(v) = 6*v - 8. Let b(a) = -5*a + 7. Let s(c) = -4*b(c) - 3*y(c). Give s(j).
4
Let c(m) = 7*m + 10. Let t(y) = -8*y - 11. Let n(g) = -6*c(g) - 5*t(g). What is n(5)?
-15
Let a(b) = -3*b - 22. Let u(i) = 6*i - i + 15 - 5*i + 2*i. Let k(t) = 5*a(t) + 8*u(t). What is k(0)?
10
Let j be (-1)/(2 + 14/(-6)). Suppose 3*w - 3 - j = 0. Let m(d) = 0 + 1 - 2*d - 4*d + 2*d. Calculate m(w).
-7
Let a(n) = n**3 + 6*n**2 - n - 5. Suppose -4*j + 14 = -3*o, 3*j - 10 - 11 = 4*o. Calculate a(o).
1
Let d(u) be the second derivative of -u**3/3 - 7*u**2/2 - 6*u. Suppose 0 = -t - 6. Calculate d(t).
5
Suppose z = 5*z - 16. Let u be ((-2)/z)/((-4)/(-32)). Let m(j) = j**3 + 5*j**2 + j - 1. What is m(u)?
11
Let q(x) = x**3 + x**2 + x - 1. Let b(a) = 3*a**3 + 8*a**2 - 5*a - 4. Let s(k) = -b(k) + 2*q(k). What is s(-7)?
2
Suppose -p + 2*p = 4. Let t be (-1)/2*p + -3. Let k(l) be the second derivative of -l**5/20 - l**4/2 - 5*l**3/6 + l**2 + 2*l. Determine k(t).
2
Suppose 10 = 3*w + 5*t, t - 2*t = -5. Let o(b) = -b**3 - 4*b**2 + 3*b - 6. What is o(w)?
4
Let m(k) = k + 8. Let s = -5 - 3. Let j be m(s). Let r(u) = j*u**2 + u + 2*u**2 - 5*u**2 + 1. Give r(-1).
-3
Let m(x) = -3*x - 4. Let v be ((-9)/3)/((-2)/2). Suppose -2*j = -4, -v*j + 11 = y - 0*j. Suppose 3 - 23 = y*t. Calculate m(t).
8
Let h(g) = g**3 - 2*g**2 + g - 2. Suppose 4*u = -4, -t = -3*t - 3*u + 7. Let x(w) = w**2 - 5*w + 2. Let a be x(t). Calculate h(a).
0
Let c(x) be the second derivative of x**5/20 - 2*x**4/3 + x**3 + x**2 - x. What is c(7)?
-5
Let a(u) be the third derivative of u**6/180 - u**4/12 - 5*u**3/6 - u**2. Let q(f) be the first derivative of a(f). Give q(-2).
6
Suppose 4*d + t = -25, -3*d + 2*d = 4*t - 5. Let p(u) = u**2 + 7*u + 7. Determine p(d).
7
Let a(i) = -11*i**2 + i - 1. Let k(s) be the first derivative of -s**4/4 + s**3/3 + s**2/2 - 3. Let p be k(1). What is a(p)?
-11
Let s(k) be the first derivative of -k**4/4 + 4*k**3/3 - k**2 - k - 6. Give s(3).
2
Suppose -5*w = -5*j + 5, 0 = 2*j - 7*j + w + 5. Let o(k) = k + 1. Determine o(j).
2
Let c(w) = -110 - 11*w - 115 + 222. Calculate c(-2).
19
Suppose 4*j + 5 = c, c + 5*j + 19 = -2*c. Let k(a) be the third derivative of a**4/24 - a**3/3 - a**2. Calculate k(c).
-5
Let k(p) = p**3 - 2*p**2 + p. Let s be k(2). Suppose -s*d + 6 = d. Let x(h) = -4*h**2 + 7*h**2 + h**2 + 3*h + h**d + h**3 + 1. Calculate x(-3).
10
Let i(a) = a**3 + a**2 - 2*a + 1. Suppose -10 = -2*v - 2*f, 0*v + 4*f = 5*v + 11. Calculate i(v).
1
Let p = -129 - -119. Let a(s) = 2*s + 14. Calculate a(p).
-6
Let p(t) = 3*t - 1. Let b be 51/15 + 2/(-5). Let v be (2/b)/(8/36). Determine p(v).
8
Let s = -3 - 1. Let p(d) be the third derivative of d**6/360 + d**5/20 + d**4/6 + 2*d**3/3 - 3*d**2. Let x(u) be the first derivative of p(u). Give x(s).
-4
Let d(s) = s**3 + 3*s**2 - 2*s + 5. Suppose -4*f - 36 = 5*f. What is d(f)?
-3
Let c(z) be the third derivative of 5*z**4/8 - z**3/6 + 4*z**2. Let u(i) = -i. Let x(l) = -c(l) - 5*u(l). What is x(1)?
-9
Let v(b) = -2*b - 6. Let t be v(-6). Let a(n) = 11 - t*n**2 - 14 + 5*n**2 + 0*n - 3*n. Let g be -1*(-2)/2*-4. Give a(g).
-7
Let g(j) = 3*j + 9. Let z(t) be the first derivative of -t**2/2 - 5*t - 1. Let h(d) = 6*g(d) + 11*z(d). What is h(-1)?
-8
Let x(z) = -z**2 + 6*z + 10. Let n be x(7). Let a = -4 + n. Let q(v) = -6*v**2 + 7*v**2 + 5*v**3 + 1 + 4*v**3 - 8*v**3 + 2*v. Give q(a).
-1
Suppose 8*k = 3*k. Suppose k = 4*a - 20, a + 4 = 3*p - 0. Let l(h) = 1 + 2*h - 1 + 1. What is l(p)?
7
Let p(w) = -3*w. Let s = -42 - -45. Give p(s).
-9
Let v be -1 + 35/(-20)*-4. Let l(n) = -6 + 0*n + 4*n - 3*n. Calculate l(v).
0
Let l be (-2 - 7/(-2))/(4/(-8)). Let b(a) = a**3 + a**2 - 2*a + 2. Determine b(l).
-10
Let c(i) = -12*i + 15*i + i**3 - 4*i**2 - 6*i - 4. Let p(z) = 2 - 4 + z + 3. Let y be p(4). What is c(y)?
6
Let p(f) be the third derivative of -f**5/60 + f**4/24 + f**3/2 - 14*f**2. Let j = 3 - 3. Determine p(j).
3
Suppose -s = 5*m + 10 - 37, 2*m + 4*s = 18. Let y(i) be the second derivative of -2*i**3/3 + 5*i**2/2 - i. Determine y(m).
-15
Let f = 4 - 2. Let c(x) = -x**2 + 2*x**2 - 3*x + 2 - f*x. Let z(q) = q**2 - 3*q + 1. Let j be z(4). Calculate c(j).
2
Let b = -31 - -37. Let u(y) = -y**2 + 7*y - 7. Calculate u(b).
-1
Let j(q) = q**3 + q**2 + q - 1. Let f be j(1). Let r(d) = 0*d**2 - d**f + d + 0*d**2. Let u(g) = -g**3 - 5*g**2 - 1. Let s be u(-5). Determine r(s).
-2
Let h be 11/(-3) + 1/(-3). Let k(r) = 10*r - 21*r - r**3 - 4*r**2 + 4 + 10*r. Give k(h).
8
Let a(g) = -g**2 + 3*g + 8. Let b = 3 + -8. Let o(h) = h**2 - 2*h - 7. Let q(k) = b*a(k) - 6*o(k). Determine q(-2).
4
Let g(t) = 11*t**2 - 29*t + 20. Let w(l) = 4*l**2 - 10*l + 7. Let h(v) = 3*g(v) - 8*w(v). What is h(5)?
-6
Let y = -11 + 15. Let o(j) = -j**2 + 4*j + 4. Give o(y).
4
Let t(h) = -h + 4. Let m = 41 + -36. Determine t(m).
-1
Let p(a) = -a**3 + 2*a**2 + 4*a - 1. Suppose 4*d = 14 - 2. Suppose k - 23 = -d*c, -2*c + 12 = c. Suppose 3*s = -2*x + 18, x + 3*s = s + k. Determine p(x).
2
Let w(p) = p + 1. Suppose -4*t + 8 = -2*t. Let o be w(t). Let y(l) be the first derivative of -l**3/3 + 5*l**2/2 + 5*l - 7. What is y(o)?
5
Let k(y) = y**3 - y**2 - 2*y. Let r be (-210)/(-98) + (-1)/7. Give k(r).
0
Let m(l) = l - 1. Let u(w) = 3*w - 2. Let c(v) = -4*m(v) + u(v). Give c(0).
2
Let f(b) be the third derivative of -1/60*b**5 + 0 + 1/3*b**4 + 0*b - 2*b**2 - 5/3*b**3. Determine f(7).
-3
Suppose -3*m + 93 + 6 = 0. Suppose m = 4*c + 9. Let g(n) = -n**2 + 5*n + 5. Give g(c).
-1
Let l = 11 - 0. Suppose 0 = -h - 3*i - l, -3*i - 19 = 5*h - 0*i. Let y(m) = 2*m**2 + m - 2. Calculate y(h).
4
Let f(h) = -h**3 + 5*h**2 + 6*h + 5. Let v be f(6). Let n(x) = -5 - 5*x**3 - v*x**2 - x - x + 0*x + 4*x**3. Calculate n(-5).
5
Suppose -5*l - 1 = -31. Let x(m) = m**2 - 5*m - 7. Calculate x(l).
-1
Let w(q) = -q + 3. Let p = -6 - -16. Let a = p + -6. Determine w(a).
-1
Let p(h) = -h + 1. Let d(m) = m**3 - m + 4. Let n be d(0). Suppose 0 = 4*k - n. Give p(k).
0
Let s(k) = k. Let z(v) = -v**3 - 9*v**2 + 10*v + 12. Let o be z(-10). Let r = o - 5. Determine s(r).
7
Suppose -4*k + 6*k = 6. Let b(f) = 4*f**2 + 8*f - 3. Let z(l) = -7*l**2 - 15*l + 7. Let v(r) = k*z(r) + 5*b(r). Calculate v(-5).
6
Suppose -i + 5 = 10. Let d(p) = -p**2 - 4*p + 7. Give d(i).
2
Let k(z) = -3*z**3 - 29*z**2 - z - 3. Let p(n) = -n**3 - 10*n**2 - 1. Let d(h) = -4*k(h) + 11*p(h). Let f be ((-2)/3)/((-9)/135*-2). Give d(f).
6
Let f(b) be the third derivative of -b**6/120 + b**5/15 - b**4/8 + b**3/2 - 3*b**2. Give f(3).
3
Suppose -3*d + d = -4. Suppose 2*q + d*i + 1 - 7 = 0, 4*q + 18 = 2*i. Let l(x) be the third derivative of -x**5/30 - x**4/24 - x**3/6 - 2*x**2. What is l(q)?
-7
Let v(c) = -2*c + 1. Let l be v(1). Let h(m) = -8*m**3 - 2*m - 1. Determine h(l).
9
Let x(w) = -w. Let f(o) = -7*o - 3. Let v(t) = f(t) - 5*x(t). Suppose -13*i + 8*i - 20 = 0. Calculate v(i).
5
Suppose 0*o = -5*o + 10. Let l be 5/7 + o/7. Let i be l/(15/(-6) - -2). Let z(x) = x**3 + 3*x**2 + 3*x + 1. Determine z(i).
-1
Let o(k) = -k**2 + 32*k - 3*k**3 + 1 + 5*k**3 - 34*k. What is o(2)?
9
Let l(n) = -n**3 - 9*n**2 + 2*n - 1. Let q(g) = -g**3 - g**2 + g + 1. Let i(f) = l(f) - 2*q(f). What is i(7)?
-3
Let j(i) = -i**2 - 3*i + 2. Suppose 2*w + 0*w - 12 = 0. Suppose -2*d - y - w = 0, -10 = 5*d + 4*y + 5. Give j(d).
2
Let g(h) = 11*h**3 - 2*h**2 + 2*h - 1. Let t = -7 + 8. Calculate g(t).
10
Let m(l) = l**2 + 9*l + 12. Let u be m(-8). Let n(y) be the second derivative of -y - 1/2*y**3 + 0 + 3*y**2 - 1/12*y**u. Give n(-5).
-4
Let s be 3 + 2/(-2)*1. Let p(x) = s*x**2 + 2*x - 2*x**2 + 2*x**2. What is p(-2)?
4
Suppose 0 = k - 3*k + 6. Let a(q) = q**3 - 5*q**2 + 5*q - 3. Give a(k).
-6
Let k(b) = -b**2 + 7*b - 4. Let i(g) = -2*g + 1. Let a be i(-1). Let u = 8 - a. Determine k(u).
6
Let p = -45 + 48. Let q(x) = x**3 - 2*x**2 - x + 3. Calculate q(p).
9
Let s be ((3 - 3) + 1)*2. Suppose -5*z + 6 = -3*v - 10, -s = v. Let u(f) = f**3 - 2*f**2 + f + 1. Calculate u(z).
3
Let l(r) = -2 + 7 - 14 + r. What is l(8)?
-1
Let f(o) = 2*o**2 + 0*o - 2*o - 12 + o - o